{"id":293,"date":"2016-10-13T17:51:09","date_gmt":"2016-10-13T16:51:09","guid":{"rendered":"http:\/\/centro.interamerican.hu\/?page_id=293"},"modified":"2018-01-15T17:25:32","modified_gmt":"2018-01-15T16:25:32","slug":"cfp","status":"publish","type":"page","link":"http:\/\/centro.interamerican.hu\/en\/conferences\/2017-2\/cfp\/","title":{"rendered":"CFP"},"content":{"rendered":"<p><img decoding=\"async\" src=\"http:\/\/centro.interamerican.hu\/wp-content\/uploads\/2016\/10\/app-header-bg.png\" alt=\"\" width=\"100%\" class=\"aligncenter size-full wp-image-375\" srcset=\"http:\/\/centro.interamerican.hu\/wp-content\/uploads\/2016\/10\/app-header-bg.png 1400w, http:\/\/centro.interamerican.hu\/wp-content\/uploads\/2016\/10\/app-header-bg-300x154.png 300w, http:\/\/centro.interamerican.hu\/wp-content\/uploads\/2016\/10\/app-header-bg-768x395.png 768w, http:\/\/centro.interamerican.hu\/wp-content\/uploads\/2016\/10\/app-header-bg-1024x527.png 1024w\" sizes=\"(max-width: 1400px) 100vw, 1400px\" \/><\/p>\n<div class=\"row \" ><nav class=\"cl-effect-10 btn-dignity-animated\"><a data-hover=\"CFP\" href=\"http:\/\/centro.interamerican.hu\/en\/conferences\/2017-2\/cfp\/\" class=\"\" ><span>CFP<\/span><\/a><\/nav><nav class=\"cl-effect-10 btn-dignity-animated\"><a data-hover=\"Registration\" href=\"http:\/\/centro.interamerican.hu\/en\/conferences\/2017-2\/registration\/\" class=\"\" ><span>Registration<\/span><\/a><\/nav><nav class=\"cl-effect-10 btn-dignity-animated\"><a data-hover=\"Program\" href=\"http:\/\/centro.interamerican.hu\/en\/conferences\/2017-2\/program\/\" class=\"\" ><span>Program<\/span><\/a><\/nav><nav class=\"cl-effect-10 btn-dignity-animated\"><a data-hover=\"Travel & Accommodation\" href=\"http:\/\/centro.interamerican.hu\/en\/conferences\/2017-2\/travel-accommodation\/\" class=\"\" ><span>Travel &#038; Accommodation<\/span><\/a><\/nav><nav class=\"cl-effect-10 btn-dignity-animated\"><a data-hover=\"Contact\" href=\"http:\/\/centro.interamerican.hu\/en\/conferences\/2017-2\/contact\/\" class=\"\" ><span>Contact<\/span><\/a><\/nav><nav class=\"cl-effect-10 btn-dignity-animated\"><a data-hover=\"Publication\" href=\"http:\/\/centro.interamerican.hu\/en\/conferences\/2017-2\/publication\/\" class=\"\" ><span>Publication<\/span><\/a><\/nav><\/div>\n<h1 class=\"main-heading  \" ><span style=\"color: #000000;\">Transnational Americas:<br \/>\nHome(s), Borders and Transgressions<\/span><\/h1>\n          <div class=\"liner\"><span><\/span><\/div>\n<p><strong>The First Conference of the Inter-American Research Center<\/strong><\/p>\n<p><strong>Faculty of Arts, University of Szeged<\/strong><\/p>\n<p><strong>November 16-17-18, 2017<\/strong><\/p>\n<p>&nbsp;<\/p>\n<p><strong>Convenor<\/strong><\/p>\n<p>Inter-American Research Center, Faculty of Arts, University of Szeged.<\/p>\n<p>Website: <a href=\"http:\/\/centro.interamerican.hu\/en\/conferences\/2017-2\/cfp\/\">http:\/\/centro.interamerican.hu\/en\/conferences\/2017-2\/cfp\/<\/a> and <a href=\"http:\/\/centro.interamerican.hu\/es\/conferences\/2017-2\/cfp\/\">http:\/\/centro.interamerican.hu\/es\/conferences\/2017-2\/cfp\/<\/a><\/p>\n<p><strong>\u00a0<\/strong><\/p>\n<p><strong>Venue<\/strong><\/p>\n<p>The Center of Hungarian Academy of Sciences in Szeged<\/p>\n<p><strong>\u00a0<\/strong><\/p>\n<p><strong>Working languages<\/strong><\/p>\n<p>English and Spanish<\/p>\n<p>&nbsp;<\/p>\n<p><strong>Call for Papers<\/strong><\/p>\n<p>From early times on, the concept of the border and home in the Americas was continuously changing, denoting sometimes ephemeral boundaries and temporary locations. Throughout history, the westward expansion in the U.S.A. as well as the wars of independence in Central and South America relativized the concept of dividing lines and homes, respectively. With time, the geographical boundaries of the continent\u2019s countries together with the politically symbolic demarcations gained additional meanings and while in some cases borderlines emphasized actual separation between states, in other cases they pointed only at the historical heritage of a given region. Moreover, geographic, political, economic and cultural borders both separate and connect American countries; the transnational migration tendencies of the 20<sup>th<\/sup> and 21<sup>st<\/sup> centuries show that the home-searching process still goes on with the peoples of the Americas finding their new habitats within the same continent\u2015but in another country. Nevertheless, the peoples of the Americas stood and still stand in close connection with each other; Latin American nations and the society of the U.S.A. and Canada are in constant interaction having their past, present and future intertwined. Our conference is seeking answers and possible solutions to several questions related to the concept of border and home throughout a spectrum of disciplines including history, literature, theater, film and performance studies, linguistics, cultural history, digital and visual culture, ethnography, anthropology, migration and minority studies, etc. These questions involve, among many others, the following aspects: What does the concept of home denote in different countries of the Americas? Is it still relevant to talk about borders at all? Or of homes in the American context? Or should we formulate other concepts in rethinking the issue of boundaries, borders, frontiers, demarcation and crossings? And what does Americanness mean in the context of homes and borders? What does it mean today to be American?<\/p>\n<p>The goal of our <strong>Transnational Americas: Home(s), Borders and Transgressions<\/strong> conference is to bring together researchers and academics interested in various approaches involving the concepts of home and borders by providing a broad, multidisciplinary discussion on the topic. We aim to explore boundaries of different kinds involving migrations across geographical locations as well as the borderlands of identities and lives connected with the notion of home placed in a transnational, inter-American context.<\/p>\n<p>The conference is organized in memory of Prof. Dr. \u00c1d\u00e1m Anderle, Professor Emeritus of history, one of the most outstanding hispanists of Central Europe and founder of the Department of Hispanic Studies of the University of Szeged, who passed away last year.<\/p>\n<p>&nbsp;<\/p>\n<p><strong>Abstracts<\/strong><\/p>\n<p>For presentations and panel proposals, <strong>an abstract of around 100 words<\/strong> (in English or in Spanish) together with a short bio should be sent to the organizers at the following e-mail: <a href=\"mailto:intam.szeged@gmail.com\">intam.szeged@gmail.com<\/a><\/p>\n<p><strong>\u00a0<\/strong><\/p>\n<p><strong>Registration<\/strong><\/p>\n<p>Please fill in the <strong>online Registration Form<\/strong> at<\/p>\n<p><a href=\"http:\/\/centro.interamerican.hu\/en\/conferences\/2017-2\/registration\/\">http:\/\/centro.interamerican.hu\/en\/conferences\/2017-2\/registration\/<\/a><\/p>\n<p><strong>\u00a0<\/strong><\/p>\n<p><strong>Contact<\/strong><\/p>\n<p>In matters other than registration, abstract submission and information provided on the conference website please contact the organizing team at: <a href=\"mailto:intam.szeged@gmail.com\">intam.szeged@gmail.com<\/a>. Also, feel free to contact members of the organizing team, <strong>Dr. Eszter <\/strong><strong>Katona<\/strong> (Spanish; e-mail: <a href=\"mailto:katonaeszter@gmail.com\">katonaeszter@gmail.com<\/a>), <strong>Dr. Katalin Jancs\u00f3<\/strong> (English and Spanish; e-mail: <a href=\"mailto:jkattinka@gmail.com\">jkattinka@gmail.com<\/a>) \u00e9s <strong>Dr. Andrea K\u00f6k\u00e9ny<\/strong> (English: e-mail: <a href=\"mailto:akokeny23@gmail.com\">akokeny23@gmail.com<\/a>)<\/p>\n<p><strong>\u00a0<\/strong><\/p>\n<p><strong>Deadline for registration and submission of abstracts<\/strong>:<\/p>\n<p>March 15, 2017.<\/p>\n<p><strong>\u00a0<\/strong><\/p>\n<p><strong>Acceptance notifications<\/strong>:<\/p>\n<p>Will be issued by May 1, 2017.<\/p>\n<p><strong>\u00a0<\/strong><\/p>\n<p><strong>Registration fees<\/strong><\/p>\n<p>The registration fee includes the cost of the conference folder, coffee and small snacks during the breaks and the reception. Further details about the cost, location and the menu will be provided in a circular at a later time.<\/p>\n<p><strong>\u201cEarly Bird\u201d registration fee, before June 15, 2017<\/strong>: 12,000 FT (or 40 EUR)<\/p>\n<p><strong>\u201cRegular\u201d registration fee, after July 15, 2017<\/strong>: 15,000 FT (or 50 EUR)<\/p>\n<p><strong>MA and doctoral students<\/strong>: 9,000 FT (or 30 EUR)<\/p>\n<p><strong>Bank account transfer<\/strong>: Please transfer your payment to the account below <strong>with \u201cYour Name and CENTRO 2017 Conference\u201d<\/strong> clearly indicated in the \u201cnotice\u201d box.<\/p>\n<p>&nbsp;<\/p>\n<p><strong>Name and address of bank<\/strong>: CIB Bank, 1027 Budapest, Medve u. 4-14<\/p>\n<p><strong>Bank account number (for the transfer in Forints)<\/strong>: 107000626899418751100005<\/p>\n<p><strong>BIC (SWIFT) CODE: <\/strong>CIBHHUHB<strong> \u00a0 \u00a0 \u00a0 \u00a0 \u00a0 \u00a0 \u00a0 \u00a0 \u00a0 \u00a0 \u00a0 \u00a0<\/strong><\/p>\n<p><strong>IBAN CODE<\/strong>: HU08107000626899418751100005<\/p>\n<p><strong>Bank account holder<\/strong>:\u00a0\u00a0Hispanisztika Alap\u00edtv\u00e1ny, 6722 Szeged, Pet\u0151fi sgt. 30-34,<\/p>\n<p>Hungary<\/p>\n<p>&nbsp;<\/p>\n<p>Please note that the cost of the bank transfer is at your side.<\/p>\n<p>&nbsp;<\/p>\n<p>We look forward to seeing you in Szeged!<\/p>\n","protected":false},"excerpt":{"rendered":"<p>The First Conference of the Inter-American Research Center Faculty of Arts, University of Szeged November 16-17-18, 2017 &nbsp; Convenor Inter-American Research Center, Faculty of Arts, University of Szeged. Website: http:\/\/centro.interamerican.hu\/en\/conferences\/2017-2\/cfp\/ and http:\/\/centro.interamerican.hu\/es\/conferences\/2017-2\/cfp\/ \u00a0 Venue The Center of Hungarian Academy of Sciences in Szeged \u00a0 Working languages English and Spanish &nbsp; Call for Papers From early [&hellip;]<\/p>\n","protected":false},"author":1,"featured_media":0,"parent":288,"menu_order":0,"comment_status":"closed","ping_status":"closed","template":"","meta":{"footnotes":""},"class_list":["post-293","page","type-page","status-publish","hentry"],"_links":{"self":[{"href":"http:\/\/centro.interamerican.hu\/en\/wp-json\/wp\/v2\/pages\/293","targetHints":{"allow":["GET"]}}],"collection":[{"href":"http:\/\/centro.interamerican.hu\/en\/wp-json\/wp\/v2\/pages"}],"about":[{"href":"http:\/\/centro.interamerican.hu\/en\/wp-json\/wp\/v2\/types\/page"}],"author":[{"embeddable":true,"href":"http:\/\/centro.interamerican.hu\/en\/wp-json\/wp\/v2\/users\/1"}],"replies":[{"embeddable":true,"href":"http:\/\/centro.interamerican.hu\/en\/wp-json\/wp\/v2\/comments?post=293"}],"version-history":[{"count":18,"href":"http:\/\/centro.interamerican.hu\/en\/wp-json\/wp\/v2\/pages\/293\/revisions"}],"predecessor-version":[{"id":439,"href":"http:\/\/centro.interamerican.hu\/en\/wp-json\/wp\/v2\/pages\/293\/revisions\/439"}],"up":[{"embeddable":true,"href":"http:\/\/centro.interamerican.hu\/en\/wp-json\/wp\/v2\/pages\/288"}],"wp:attachment":[{"href":"http:\/\/centro.interamerican.hu\/en\/wp-json\/wp\/v2\/media?parent=293"}],"curies":[{"name":"wp","href":"https:\/\/api.w.org\/{rel}","templated":true}]}}

<p><img decoding="async" src="http://centro.interamerican.hu/wp-content/uploads/2016/10/app-header-bg.png" alt="" width="100%" class="aligncenter size-full wp-image-375" srcset="http://centro.interamerican.hu/wp-content/uploads/2016/10/app-header-bg.png 1400w, http://centro.interamerican.hu/wp-content/uploads/2016/10/app-header-bg-300x154.png 300w, http://centro.interamerican.hu/wp-content/uploads/2016/10/app-header-bg-768x395.png 768w, http://centro.interamerican.hu/wp-content/uploads/2016/10/app-header-bg-1024x527.png 1024w" sizes="(max-width: 1400px) 100vw, 1400px" /></p>
<div class="row " ><nav class="cl-effect-10 btn-dignity-animated"><a data-hover="CFP" href="http://centro.interamerican.hu/en/conferences/2017-2/cfp/" class="" ><span>CFP</span></a></nav><nav class="cl-effect-10 btn-dignity-animated"><a data-hover="Registration" href="http://centro.interamerican.hu/en/conferences/2017-2/registration/" class="" ><span>Registration</span></a></nav><nav class="cl-effect-10 btn-dignity-animated"><a data-hover="Program" href="http://centro.interamerican.hu/en/conferences/2017-2/program/" class="" ><span>Program</span></a></nav><nav class="cl-effect-10 btn-dignity-animated"><a data-hover="Travel & Accommodation" href="http://centro.interamerican.hu/en/conferences/2017-2/travel-accommodation/" class="" ><span>Travel &#038; Accommodation</span></a></nav><nav class="cl-effect-10 btn-dignity-animated"><a data-hover="Contact" href="http://centro.interamerican.hu/en/conferences/2017-2/contact/" class="" ><span>Contact</span></a></nav><nav class="cl-effect-10 btn-dignity-animated"><a data-hover="Publication" href="http://centro.interamerican.hu/en/conferences/2017-2/publication/" class="" ><span>Publication</span></a></nav></div>
<h1 class="main-heading  " ><span style="color: #000000;">Transnational Americas:<br />
Home(s), Borders and Transgressions</span></h1>
          <div class="liner"><span></span></div>
<p><strong>The First Conference of the Inter-American Research Center</strong></p>
<p><strong>Faculty of Arts, University of Szeged</strong></p>
<p><strong>November 16-17-18, 2017</strong></p>
<p>&nbsp;</p>
<p><strong>Convenor</strong></p>
<p>Inter-American Research Center, Faculty of Arts, University of Szeged.</p>
<p>Website: <a href="http://centro.interamerican.hu/en/conferences/2017-2/cfp/">http://centro.interamerican.hu/en/conferences/2017-2/cfp/</a> and <a href="http://centro.interamerican.hu/es/conferences/2017-2/cfp/">http://centro.interamerican.hu/es/conferences/2017-2/cfp/</a></p>
<p><strong> </strong></p>
<p><strong>Venue</strong></p>
<p>The Center of Hungarian Academy of Sciences in Szeged</p>
<p><strong> </strong></p>
<p><strong>Working languages</strong></p>
<p>English and Spanish</p>
<p>&nbsp;</p>
<p><strong>Call for Papers</strong></p>
<p>From early times on, the concept of the border and home in the Americas was continuously changing, denoting sometimes ephemeral boundaries and temporary locations. Throughout history, the westward expansion in the U.S.A. as well as the wars of independence in Central and South America relativized the concept of dividing lines and homes, respectively. With time, the geographical boundaries of the continent’s countries together with the politically symbolic demarcations gained additional meanings and while in some cases borderlines emphasized actual separation between states, in other cases they pointed only at the historical heritage of a given region. Moreover, geographic, political, economic and cultural borders both separate and connect American countries; the transnational migration tendencies of the 20<sup>th</sup> and 21<sup>st</sup> centuries show that the home-searching process still goes on with the peoples of the Americas finding their new habitats within the same continent―but in another country. Nevertheless, the peoples of the Americas stood and still stand in close connection with each other; Latin American nations and the society of the U.S.A. and Canada are in constant interaction having their past, present and future intertwined. Our conference is seeking answers and possible solutions to several questions related to the concept of border and home throughout a spectrum of disciplines including history, literature, theater, film and performance studies, linguistics, cultural history, digital and visual culture, ethnography, anthropology, migration and minority studies, etc. These questions involve, among many others, the following aspects: What does the concept of home denote in different countries of the Americas? Is it still relevant to talk about borders at all? Or of homes in the American context? Or should we formulate other concepts in rethinking the issue of boundaries, borders, frontiers, demarcation and crossings? And what does Americanness mean in the context of homes and borders? What does it mean today to be American?</p>
<p>The goal of our <strong>Transnational Americas: Home(s), Borders and Transgressions</strong> conference is to bring together researchers and academics interested in various approaches involving the concepts of home and borders by providing a broad, multidisciplinary discussion on the topic. We aim to explore boundaries of different kinds involving migrations across geographical locations as well as the borderlands of identities and lives connected with the notion of home placed in a transnational, inter-American context.</p>
<p>The conference is organized in memory of Prof. Dr. Ádám Anderle, Professor Emeritus of history, one of the most outstanding hispanists of Central Europe and founder of the Department of Hispanic Studies of the University of Szeged, who passed away last year.</p>
<p>&nbsp;</p>
<p><strong>Abstracts</strong></p>
<p>For presentations and panel proposals, <strong>an abstract of around 100 words</strong> (in English or in Spanish) together with a short bio should be sent to the organizers at the following e-mail: <a href="mailto:intam.szeged@gmail.com">intam.szeged@gmail.com</a></p>
<p><strong> </strong></p>
<p><strong>Registration</strong></p>
<p>Please fill in the <strong>online Registration Form</strong> at</p>
<p><a href="http://centro.interamerican.hu/en/conferences/2017-2/registration/">http://centro.interamerican.hu/en/conferences/2017-2/registration/</a></p>
<p><strong> </strong></p>
<p><strong>Contact</strong></p>
<p>In matters other than registration, abstract submission and information provided on the conference website please contact the organizing team at: <a href="mailto:intam.szeged@gmail.com">intam.szeged@gmail.com</a>. Also, feel free to contact members of the organizing team, <strong>Dr. Eszter </strong><strong>Katona</strong> (Spanish; e-mail: <a href="mailto:katonaeszter@gmail.com">katonaeszter@gmail.com</a>), <strong>Dr. Katalin Jancsó</strong> (English and Spanish; e-mail: <a href="mailto:jkattinka@gmail.com">jkattinka@gmail.com</a>) és <strong>Dr. Andrea Kökény</strong> (English: e-mail: <a href="mailto:akokeny23@gmail.com">akokeny23@gmail.com</a>)</p>
<p><strong> </strong></p>
<p><strong>Deadline for registration and submission of abstracts</strong>:</p>
<p>March 15, 2017.</p>
<p><strong> </strong></p>
<p><strong>Acceptance notifications</strong>:</p>
<p>Will be issued by May 1, 2017.</p>
<p><strong> </strong></p>
<p><strong>Registration fees</strong></p>
<p>The registration fee includes the cost of the conference folder, coffee and small snacks during the breaks and the reception. Further details about the cost, location and the menu will be provided in a circular at a later time.</p>
<p><strong>“Early Bird” registration fee, before June 15, 2017</strong>: 12,000 FT (or 40 EUR)</p>
<p><strong>“Regular” registration fee, after July 15, 2017</strong>: 15,000 FT (or 50 EUR)</p>
<p><strong>MA and doctoral students</strong>: 9,000 FT (or 30 EUR)</p>
<p><strong>Bank account transfer</strong>: Please transfer your payment to the account below <strong>with “Your Name and CENTRO 2017 Conference”</strong> clearly indicated in the “notice” box.</p>
<p>&nbsp;</p>
<p><strong>Name and address of bank</strong>: CIB Bank, 1027 Budapest, Medve u. 4-14</p>
<p><strong>Bank account number (for the transfer in Forints)</strong>: 107000626899418751100005</p>
<p><strong>BIC (SWIFT) CODE: </strong>CIBHHUHB<strong>                        </strong></p>
<p><strong>IBAN CODE</strong>: HU08107000626899418751100005</p>
<p><strong>Bank account holder</strong>:  Hispanisztika Alapítvány, 6722 Szeged, Petőfi sgt. 30-34,</p>
<p>Hungary</p>
<p>&nbsp;</p>
<p>Please note that the cost of the bank transfer is at your side.</p>
<p>&nbsp;</p>
<p>We look forward to seeing you in Szeged!</p>
