{"id":293,"date":"2016-10-13T17:51:09","date_gmt":"2016-10-13T16:51:09","guid":{"rendered":"http:\/\/centro.interamerican.hu\/?page_id=293"},"modified":"2018-01-15T17:25:32","modified_gmt":"2018-01-15T16:25:32","slug":"cfp","status":"publish","type":"page","link":"http:\/\/centro.interamerican.hu\/es\/conferences\/2017-2\/cfp\/","title":{"rendered":"CFP"},"content":{"rendered":"<p><img decoding=\"async\" src=\"http:\/\/centro.interamerican.hu\/wp-content\/uploads\/2016\/10\/app-header-bg.png\" alt=\"\" width=\"100%\" class=\"aligncenter size-full wp-image-375\" srcset=\"http:\/\/centro.interamerican.hu\/wp-content\/uploads\/2016\/10\/app-header-bg.png 1400w, http:\/\/centro.interamerican.hu\/wp-content\/uploads\/2016\/10\/app-header-bg-300x154.png 300w, http:\/\/centro.interamerican.hu\/wp-content\/uploads\/2016\/10\/app-header-bg-768x395.png 768w, http:\/\/centro.interamerican.hu\/wp-content\/uploads\/2016\/10\/app-header-bg-1024x527.png 1024w\" sizes=\"(max-width: 1400px) 100vw, 1400px\" \/><\/p>\n<div class=\"row \" ><nav class=\"cl-effect-10 btn-dignity-animated\"><a data-hover=\"CFP\" href=\"http:\/\/centro.interamerican.hu\/es\/conferences\/2017-2\/cfp\/\" class=\"\" ><span>CFP<\/span><\/a><\/nav><nav class=\"cl-effect-10 btn-dignity-animated\"><a data-hover=\"Inscripci\u00f3n\" href=\"http:\/\/centro.interamerican.hu\/es\/conferences\/2017-2\/registration\/\" class=\"\" ><span>Inscripci\u00f3n<\/span><\/a><\/nav><nav class=\"cl-effect-10 btn-dignity-animated\"><a data-hover=\"Programa\" href=\"http:\/\/centro.interamerican.hu\/es\/conferences\/2017-2\/program\/\" class=\"\" ><span>Programa<\/span><\/a><\/nav><nav class=\"cl-effect-10 btn-dignity-animated\"><a data-hover=\"Informaciones \u00datiles y Recomendaciones\" href=\"http:\/\/centro.interamerican.hu\/es\/conferences\/2017-2\/travel-accommodation\/\" class=\"\" ><span>Informaciones \u00datiles y Recomendaciones<\/span><\/a><\/nav><nav class=\"cl-effect-10 btn-dignity-animated\"><a data-hover=\"Contacto\" href=\"http:\/\/centro.interamerican.hu\/es\/conferences\/2017-2\/contact\/\" class=\"\" ><span>Contacto<\/span><\/a><\/nav><nav class=\"cl-effect-10 btn-dignity-animated\"><a data-hover=\"Publicaci\u00f3n\" href=\"http:\/\/centro.interamerican.hu\/es\/conferences\/2017-2\/publication\/\" class=\"\" ><span>Publicati\u00f3n<\/span><\/a><\/nav><\/div>\n<h1 class=\"main-heading  \" ><span style=\"color: #000000;\">Am\u00e9ricas transnacionales:<br \/>\nhogar(es), fronteras y transgresiones<\/span><\/h1>\n          <div class=\"liner\"><span><\/span><\/div>\n<p><strong>Primer coloquio del Centro de Estudios Interamericanos<\/strong><\/p>\n<p><strong>Facultad de Letras, Universidad de Szeged<\/strong><\/p>\n<p><strong>del 16 al 18 de noviembre de 2017<\/strong><\/p>\n<p>&nbsp;<\/p>\n<p><strong>Organizador<\/strong><\/p>\n<p>Centro de Estudios Interamericanos, Facultad de Letras, Universidad de Szeged. P\u00e1gina web: <a href=\"http:\/\/centro.interamerican.hu\/en\/conferences\/2017-2\/cfp\/\">http:\/\/centro.interamerican.hu\/en\/conferences\/2017-2\/cfp\/<\/a> and <a href=\"http:\/\/centro.interamerican.hu\/es\/conferences\/2017-2\/cfp\/\">http:\/\/centro.interamerican.hu\/es\/conferences\/2017-2\/cfp\/<\/a><\/p>\n<p><strong>\u00a0<\/strong><\/p>\n<p><strong>Lugar<\/strong><\/p>\n<p>Universidad de Szeged, Biblioteca Klebelsberg (TIK)<\/p>\n<p><strong>\u00a0<\/strong><\/p>\n<p><strong>Lenguas de trabajo<\/strong><\/p>\n<p>Ingl\u00e9s y espa\u00f1ol<\/p>\n<p>&nbsp;<\/p>\n<p><strong>Convocatoria <\/strong><\/p>\n<p>Desde el principio, los conceptos de <em>frontera<\/em> y de <em>hogar<\/em> en las Am\u00e9ricas han estado en constante cambio, denotando a veces l\u00edmites ef\u00edmeros y emplazamientos provisionales. A lo largo de la historia, tanto la expansi\u00f3n de los EE. UU. hacia el oeste como las guerras de independencia en Centroam\u00e9rica y Am\u00e9rica del Sur relativizaron el concepto de <em>l\u00edneas divisorias<\/em> y <em>hogares<\/em> respectivamente. Con el tiempo, las fronteras geogr\u00e1ficas de los pa\u00edses del continente y las demarcaciones pol\u00edticamente simb\u00f3licas cobraron significados adicionales y, mientras que en algunos casos las fronteras demarcaban una separaci\u00f3n real entre estados, en otros indicaban solamente la herencia hist\u00f3rica de una regi\u00f3n dada. Adem\u00e1s, las fronteras geogr\u00e1ficas, pol\u00edticas, econ\u00f3micas y culturales separan y enlazan al mismo tiempo los pa\u00edses americanos; las tendencias de migraci\u00f3n transnacional de los siglos XX y XXI muestran que la b\u00fasqueda de hogar\u00a0 a\u00fan contin\u00faa con aquellos pueblos de las Am\u00e9ricas que buscan su hogar en el mismo continente, pero en pa\u00edses distintos. Sin embargo, los pueblos de las Am\u00e9ricas mantuvieron y mantienen un contacto estrecho entre s\u00ed; las naciones latinoamericanas y la sociedad de los EE. UU. y Canad\u00e1 est\u00e1n en interacci\u00f3n permanente al tener su pasado, su presente y su futuro entrelazados. Nuestro coloquio busca respuestas a diversas preguntas y tambi\u00e9n soluciones posibles a diferentes cuestiones relacionadas con los conceptos de <em>frontera<\/em> y de <em>hogar<\/em> a trav\u00e9s de un conjunto de disciplinas que incluye la historia, la literatura, el teatro, la filmograf\u00eda, la ling\u00fc\u00edstica, la historia cultural, la cultura digital y visual, la etnograf\u00eda, la antropolog\u00eda, el estudio de la migraci\u00f3n y de las minor\u00edas, etc. Entre estas \u00a0cuestiones se incluyen, entre otros, los aspectos siguientes: \u00bfQu\u00e9 es lo que designa el concepto de <em>hogar<\/em> en los diferentes pa\u00edses de las Am\u00e9ricas? \u00bfTodav\u00eda sigue siendo relevante hablar de <em>fronteras<\/em>? \u00bfO de <em>hogares<\/em> en un contexto americano? \u00bfO deber\u00edamos formular nuevos conceptos reconsiderando el asunto de las fronteras, l\u00edmites, demarcaciones y traves\u00edas? \u00bfY qu\u00e9 significa la <em>americanidad<\/em> en el contexto de hogares y fronteras? \u00bfQu\u00e9 significa hoy d\u00eda ser americano?<\/p>\n<p>El objetivo de nuestro coloquio titulado <strong>Am\u00e9ricas transnacionales: hogar(es), fronteras y transgresiones <\/strong>consiste en reunir a investigadores y docentes interesados en las diversas aproximaciones que integran los conceptos de <em>hogar<\/em> y <em>frontera<\/em> para hacer posible un extenso debate multidisciplinar acerca de este tema. Aspiramos a descubrir diferentes tipos de fronteras, incluyendo tanto la migraci\u00f3n entre lugares geogr\u00e1ficos como las zonas fronterizas entre identidades y vidas relacionadas con la noci\u00f3n de <em>hogar<\/em>, situadas en un contexto transnacional interamericano.<\/p>\n<p>&nbsp;<\/p>\n<p><strong>Res\u00famenes<\/strong><\/p>\n<p>Para proponer comunicaciones los interesados deber\u00e1n enviar un <strong>resumen de 100 palabras aproximadamente<\/strong> (en ingl\u00e9s o espa\u00f1ol) junto con un curr\u00edculum para los organizadores a la siguiente direcci\u00f3n electr\u00f3nica: <a href=\"mailto:intam.szeged@gmail.com\">intam.szeged@gmail.com<\/a><\/p>\n<p><strong>\u00a0<\/strong><\/p>\n<p><strong>Inscripci\u00f3n<\/strong><\/p>\n<p>Se deber\u00e1 rellenar el siguiente <strong>formulario de inscripci\u00f3n<\/strong>:<\/p>\n<p><a href=\"http:\/\/centro.interamerican.hu\/es\/conferences\/2017-2\/registration\/\">http:\/\/centro.interamerican.hu\/es\/conferences\/2017-2\/registration\/<\/a><\/p>\n<p><strong>\u00a0<\/strong><\/p>\n<p><strong>Contacto<\/strong><\/p>\n<p>En lo relativo a asuntos no relacionados con la inscripci\u00f3n, env\u00edo de res\u00famenes e informaci\u00f3n publicada en la p\u00e1gina web del coloquio, los interesados podr\u00e1n ponerse en contacto con el comit\u00e9 organizador en la siguiente direcci\u00f3n: <a href=\"mailto:intam.szeged@gmail.com\">intam.szeged@gmail.com<\/a>. Tambi\u00e9n podr\u00e1n contactar a miembros del comit\u00e9 organizador: <strong>Dra. Eszter <\/strong><strong>Katona<\/strong> (espa\u00f1ol; e-mail: <a href=\"mailto:katonaeszter@gmail.com\">katonaeszter@gmail.com<\/a>), <strong>Dra. Katalin Jancs\u00f3<\/strong> (ingl\u00e9s y espa\u00f1ol; e-mail: <a href=\"mailto:jkattinka@gmail.com\">jkattinka@gmail.com<\/a>) y <strong>Dra. Andrea K\u00f6k\u00e9ny<\/strong> (ingl\u00e9s; e-mail: <a href=\"mailto:akokeny23@gmail.com\">akokeny23@gmail.com<\/a>)<\/p>\n<p><strong>\u00a0<\/strong><\/p>\n<p><strong>Plazo de inscripci\u00f3n y de env\u00edo de propuestas<\/strong>:<\/p>\n<p>15 de marzo de 2017<\/p>\n<p><strong>\u00a0<\/strong><\/p>\n<p><strong>Plazo para la confirmaci\u00f3n de la aceptaci\u00f3n<\/strong>:<\/p>\n<p>Hasta el 1 de mayo de 2017<\/p>\n<p><strong>\u00a0<\/strong><\/p>\n<p><strong>Cuotas de participaci\u00f3n<\/strong><\/p>\n<p>La cuota de participaci\u00f3n incluye los gastos de la carpeta del coloquio y de cafeter\u00eda en los descansos y durante la recepci\u00f3n. Se ofrecer\u00e1 m\u00e1s informaci\u00f3n acerca de los costes, la localizaci\u00f3n y el men\u00fa en una circular que se enviar\u00e1 m\u00e1s tarde.<\/p>\n<p><strong>Inscripci\u00f3n temprana, realizada antes del 15 de junio de 2017<\/strong>: 12,000 FT (o 40 EUR)<\/p>\n<p><strong>Inscripci\u00f3n regular, realizada despu\u00e9s del 15 de julio de 2017<\/strong>: 15,000 FT (o 50 EUR)<\/p>\n<p><strong>Estudiantes de m\u00e1ster y doctorado<\/strong>: 9,000 FT (o 30 EUR)<\/p>\n<p><strong>Datos bancarios del coloquio<\/strong>: los participantes deber\u00e1n transferir el importe de la cuota de participaci\u00f3n a la siguiente cuenta indicando en el espacio de anotaci\u00f3n claramente \u201c<strong>Su nombre y la referencia a CENTRO 2017 Conference\u201d.<\/strong><\/p>\n<p>&nbsp;<\/p>\n<p><strong>Nombre y direcci\u00f3n del banco<\/strong>: \u00a0 CIB Bank, 1027 Budapest, Medve u. 4-14<\/p>\n<p><strong>N\u00famero de la cuenta bancaria (Forint):<\/strong> 107000626899418751100005<\/p>\n<p><strong>C\u00f3digo BIC (SWIFT): <\/strong>CIBHHUHB<\/p>\n<p><strong>C\u00f3digo IBAN<\/strong>: HU08107000626899418751100005<\/p>\n<p><strong>Titular de la cuenta bancaria:<\/strong>\u00a0Hispanisztika Alap\u00edtv\u00e1ny, 6722 Szeged, Pet\u0151fi sgt. 30-34,<\/p>\n<p>Hungary<\/p>\n<p>&nbsp;<\/p>\n<p>Tengan en cuenta, por favor, que los gastos de la transferencia ir\u00e1n a cuenta de los participantes.<\/p>\n<p>&nbsp;<\/p>\n<p>\u00a1Les esperamos en Szeged!<\/p>\n","protected":false},"excerpt":{"rendered":"<p>Primer coloquio del Centro de Estudios Interamericanos Facultad de Letras, Universidad de Szeged del 16 al 18 de noviembre de 2017 &nbsp; Organizador Centro de Estudios Interamericanos, Facultad de Letras, Universidad de Szeged. P\u00e1gina web: http:\/\/centro.interamerican.hu\/en\/conferences\/2017-2\/cfp\/ and http:\/\/centro.interamerican.hu\/es\/conferences\/2017-2\/cfp\/ \u00a0 Lugar Universidad de Szeged, Biblioteca Klebelsberg (TIK) \u00a0 Lenguas de trabajo Ingl\u00e9s y espa\u00f1ol &nbsp; Convocatoria [&hellip;]<\/p>\n","protected":false},"author":1,"featured_media":0,"parent":288,"menu_order":0,"comment_status":"closed","ping_status":"closed","template":"","meta":{"footnotes":""},"class_list":["post-293","page","type-page","status-publish","hentry"],"_links":{"self":[{"href":"http:\/\/centro.interamerican.hu\/es\/wp-json\/wp\/v2\/pages\/293","targetHints":{"allow":["GET"]}}],"collection":[{"href":"http:\/\/centro.interamerican.hu\/es\/wp-json\/wp\/v2\/pages"}],"about":[{"href":"http:\/\/centro.interamerican.hu\/es\/wp-json\/wp\/v2\/types\/page"}],"author":[{"embeddable":true,"href":"http:\/\/centro.interamerican.hu\/es\/wp-json\/wp\/v2\/users\/1"}],"replies":[{"embeddable":true,"href":"http:\/\/centro.interamerican.hu\/es\/wp-json\/wp\/v2\/comments?post=293"}],"version-history":[{"count":18,"href":"http:\/\/centro.interamerican.hu\/es\/wp-json\/wp\/v2\/pages\/293\/revisions"}],"predecessor-version":[{"id":439,"href":"http:\/\/centro.interamerican.hu\/es\/wp-json\/wp\/v2\/pages\/293\/revisions\/439"}],"up":[{"embeddable":true,"href":"http:\/\/centro.interamerican.hu\/es\/wp-json\/wp\/v2\/pages\/288"}],"wp:attachment":[{"href":"http:\/\/centro.interamerican.hu\/es\/wp-json\/wp\/v2\/media?parent=293"}],"curies":[{"name":"wp","href":"https:\/\/api.w.org\/{rel}","templated":true}]}}

<p><img decoding="async" src="http://centro.interamerican.hu/wp-content/uploads/2016/10/app-header-bg.png" alt="" width="100%" class="aligncenter size-full wp-image-375" srcset="http://centro.interamerican.hu/wp-content/uploads/2016/10/app-header-bg.png 1400w, http://centro.interamerican.hu/wp-content/uploads/2016/10/app-header-bg-300x154.png 300w, http://centro.interamerican.hu/wp-content/uploads/2016/10/app-header-bg-768x395.png 768w, http://centro.interamerican.hu/wp-content/uploads/2016/10/app-header-bg-1024x527.png 1024w" sizes="(max-width: 1400px) 100vw, 1400px" /></p>
<div class="row " ><nav class="cl-effect-10 btn-dignity-animated"><a data-hover="CFP" href="http://centro.interamerican.hu/es/conferences/2017-2/cfp/" class="" ><span>CFP</span></a></nav><nav class="cl-effect-10 btn-dignity-animated"><a data-hover="Inscripción" href="http://centro.interamerican.hu/es/conferences/2017-2/registration/" class="" ><span>Inscripción</span></a></nav><nav class="cl-effect-10 btn-dignity-animated"><a data-hover="Programa" href="http://centro.interamerican.hu/es/conferences/2017-2/program/" class="" ><span>Programa</span></a></nav><nav class="cl-effect-10 btn-dignity-animated"><a data-hover="Informaciones Útiles y Recomendaciones" href="http://centro.interamerican.hu/es/conferences/2017-2/travel-accommodation/" class="" ><span>Informaciones Útiles y Recomendaciones</span></a></nav><nav class="cl-effect-10 btn-dignity-animated"><a data-hover="Contacto" href="http://centro.interamerican.hu/es/conferences/2017-2/contact/" class="" ><span>Contacto</span></a></nav><nav class="cl-effect-10 btn-dignity-animated"><a data-hover="Publicación" href="http://centro.interamerican.hu/es/conferences/2017-2/publication/" class="" ><span>Publicatión</span></a></nav></div>
<h1 class="main-heading  " ><span style="color: #000000;">Américas transnacionales:<br />
hogar(es), fronteras y transgresiones</span></h1>
          <div class="liner"><span></span></div>
<p><strong>Primer coloquio del Centro de Estudios Interamericanos</strong></p>
<p><strong>Facultad de Letras, Universidad de Szeged</strong></p>
<p><strong>del 16 al 18 de noviembre de 2017</strong></p>
<p>&nbsp;</p>
<p><strong>Organizador</strong></p>
<p>Centro de Estudios Interamericanos, Facultad de Letras, Universidad de Szeged. Página web: <a href="http://centro.interamerican.hu/en/conferences/2017-2/cfp/">http://centro.interamerican.hu/en/conferences/2017-2/cfp/</a> and <a href="http://centro.interamerican.hu/es/conferences/2017-2/cfp/">http://centro.interamerican.hu/es/conferences/2017-2/cfp/</a></p>
<p><strong> </strong></p>
<p><strong>Lugar</strong></p>
<p>Universidad de Szeged, Biblioteca Klebelsberg (TIK)</p>
<p><strong> </strong></p>
<p><strong>Lenguas de trabajo</strong></p>
<p>Inglés y español</p>
<p>&nbsp;</p>
<p><strong>Convocatoria </strong></p>
<p>Desde el principio, los conceptos de <em>frontera</em> y de <em>hogar</em> en las Américas han estado en constante cambio, denotando a veces límites efímeros y emplazamientos provisionales. A lo largo de la historia, tanto la expansión de los EE. UU. hacia el oeste como las guerras de independencia en Centroamérica y América del Sur relativizaron el concepto de <em>líneas divisorias</em> y <em>hogares</em> respectivamente. Con el tiempo, las fronteras geográficas de los países del continente y las demarcaciones políticamente simbólicas cobraron significados adicionales y, mientras que en algunos casos las fronteras demarcaban una separación real entre estados, en otros indicaban solamente la herencia histórica de una región dada. Además, las fronteras geográficas, políticas, económicas y culturales separan y enlazan al mismo tiempo los países americanos; las tendencias de migración transnacional de los siglos XX y XXI muestran que la búsqueda de hogar  aún continúa con aquellos pueblos de las Américas que buscan su hogar en el mismo continente, pero en países distintos. Sin embargo, los pueblos de las Américas mantuvieron y mantienen un contacto estrecho entre sí; las naciones latinoamericanas y la sociedad de los EE. UU. y Canadá están en interacción permanente al tener su pasado, su presente y su futuro entrelazados. Nuestro coloquio busca respuestas a diversas preguntas y también soluciones posibles a diferentes cuestiones relacionadas con los conceptos de <em>frontera</em> y de <em>hogar</em> a través de un conjunto de disciplinas que incluye la historia, la literatura, el teatro, la filmografía, la lingüística, la historia cultural, la cultura digital y visual, la etnografía, la antropología, el estudio de la migración y de las minorías, etc. Entre estas  cuestiones se incluyen, entre otros, los aspectos siguientes: ¿Qué es lo que designa el concepto de <em>hogar</em> en los diferentes países de las Américas? ¿Todavía sigue siendo relevante hablar de <em>fronteras</em>? ¿O de <em>hogares</em> en un contexto americano? ¿O deberíamos formular nuevos conceptos reconsiderando el asunto de las fronteras, límites, demarcaciones y travesías? ¿Y qué significa la <em>americanidad</em> en el contexto de hogares y fronteras? ¿Qué significa hoy día ser americano?</p>
<p>El objetivo de nuestro coloquio titulado <strong>Américas transnacionales: hogar(es), fronteras y transgresiones </strong>consiste en reunir a investigadores y docentes interesados en las diversas aproximaciones que integran los conceptos de <em>hogar</em> y <em>frontera</em> para hacer posible un extenso debate multidisciplinar acerca de este tema. Aspiramos a descubrir diferentes tipos de fronteras, incluyendo tanto la migración entre lugares geográficos como las zonas fronterizas entre identidades y vidas relacionadas con la noción de <em>hogar</em>, situadas en un contexto transnacional interamericano.</p>
<p>&nbsp;</p>
<p><strong>Resúmenes</strong></p>
<p>Para proponer comunicaciones los interesados deberán enviar un <strong>resumen de 100 palabras aproximadamente</strong> (en inglés o español) junto con un currículum para los organizadores a la siguiente dirección electrónica: <a href="mailto:intam.szeged@gmail.com">intam.szeged@gmail.com</a></p>
<p><strong> </strong></p>
<p><strong>Inscripción</strong></p>
<p>Se deberá rellenar el siguiente <strong>formulario de inscripción</strong>:</p>
<p><a href="http://centro.interamerican.hu/es/conferences/2017-2/registration/">http://centro.interamerican.hu/es/conferences/2017-2/registration/</a></p>
<p><strong> </strong></p>
<p><strong>Contacto</strong></p>
<p>En lo relativo a asuntos no relacionados con la inscripción, envío de resúmenes e información publicada en la página web del coloquio, los interesados podrán ponerse en contacto con el comité organizador en la siguiente dirección: <a href="mailto:intam.szeged@gmail.com">intam.szeged@gmail.com</a>. También podrán contactar a miembros del comité organizador: <strong>Dra. Eszter </strong><strong>Katona</strong> (español; e-mail: <a href="mailto:katonaeszter@gmail.com">katonaeszter@gmail.com</a>), <strong>Dra. Katalin Jancsó</strong> (inglés y español; e-mail: <a href="mailto:jkattinka@gmail.com">jkattinka@gmail.com</a>) y <strong>Dra. Andrea Kökény</strong> (inglés; e-mail: <a href="mailto:akokeny23@gmail.com">akokeny23@gmail.com</a>)</p>
<p><strong> </strong></p>
<p><strong>Plazo de inscripción y de envío de propuestas</strong>:</p>
<p>15 de marzo de 2017</p>
<p><strong> </strong></p>
<p><strong>Plazo para la confirmación de la aceptación</strong>:</p>
<p>Hasta el 1 de mayo de 2017</p>
<p><strong> </strong></p>
<p><strong>Cuotas de participación</strong></p>
<p>La cuota de participación incluye los gastos de la carpeta del coloquio y de cafetería en los descansos y durante la recepción. Se ofrecerá más información acerca de los costes, la localización y el menú en una circular que se enviará más tarde.</p>
<p><strong>Inscripción temprana, realizada antes del 15 de junio de 2017</strong>: 12,000 FT (o 40 EUR)</p>
<p><strong>Inscripción regular, realizada después del 15 de julio de 2017</strong>: 15,000 FT (o 50 EUR)</p>
<p><strong>Estudiantes de máster y doctorado</strong>: 9,000 FT (o 30 EUR)</p>
<p><strong>Datos bancarios del coloquio</strong>: los participantes deberán transferir el importe de la cuota de participación a la siguiente cuenta indicando en el espacio de anotación claramente “<strong>Su nombre y la referencia a CENTRO 2017 Conference”.</strong></p>
<p>&nbsp;</p>
<p><strong>Nombre y dirección del banco</strong>:   CIB Bank, 1027 Budapest, Medve u. 4-14</p>
<p><strong>Número de la cuenta bancaria (Forint):</strong> 107000626899418751100005</p>
<p><strong>Código BIC (SWIFT): </strong>CIBHHUHB</p>
<p><strong>Código IBAN</strong>: HU08107000626899418751100005</p>
<p><strong>Titular de la cuenta bancaria:</strong> Hispanisztika Alapítvány, 6722 Szeged, Petőfi sgt. 30-34,</p>
<p>Hungary</p>
<p>&nbsp;</p>
<p>Tengan en cuenta, por favor, que los gastos de la transferencia irán a cuenta de los participantes.</p>
<p>&nbsp;</p>
<p>¡Les esperamos en Szeged!</p>

<p>Primer coloquio del Centro de Estudios Interamericanos Facultad de Letras, Universidad de Szeged del 16 al 18 de noviembre de 2017 &nbsp; Organizador Centro de Estudios Interamericanos, Facultad de Letras, Universidad de Szeged. Página web: http://centro.interamerican.hu/en/conferences/2017-2/cfp/ and http://centro.interamerican.hu/es/conferences/2017-2/cfp/   Lugar Universidad de Szeged, Biblioteca Klebelsberg (TIK)   Lenguas de trabajo Inglés y español &nbsp; Convocatoria [&hellip;]</p>
